 - 4*p. Give i(-1).
4
Let c(l) = -97*l - 861. Let a be c(-9). Let u(k) = -k**3 + 13*k**2 - 11*k + 4. Calculate u(a).
16
Let a(u) = 7312*u - u**2 + 7314*u - 14618*u + 3. Let v be (3/2)/(1/4). Calculate a(v).
15
Suppose 2*j - 8 = 3*j. Let t(l) = 16*l + 3*l - 16*l + 0*l + 5 + 3. Determine t(j).
-16
Let y(z) = z**3 + 14*z**2 + 12*z - 6. Let t(m) = -4*m**3 - 30*m**2 + 19*m + 11. Let n be t(-8). What is y(n)?
7
Suppose -4*w + 11*w - 14 = 0. Let c(f) = 6*f**2 + 1 + f**3 + 0*f**3 - 9*f**2 - w*f**3. Determine c(-2).
-3
Suppose -4*r + 3 = -17. Let l(t) be the third derivative of -1/2*t**3 + 1/60*t**5 - 5/24*t**4 + 12*t**2 + 0*t + 0. What is l(r)?
-3
Suppose 15 = -4*o + 19. Let v be o/(3*3/(-36)). Let i(u) = -u**3 - 4*u**2 - 2*u - 2. Give i(v).
6
Let g be 6/5 - 27/(-15). Let j(z) = z**3 - 4*z**2 + z + 3. Calculate j(g).
-3
Let l(a) be the second derivative of 0*a**4 - a**2 + 13*a + 0 + 1/3*a**3 + 1/20*a**5. Calculate l(2).
10
Let a(m) = m**3 - 9*m**2 + 8*m - 4. Let k be a(8). Let g(n) be the third derivative of n**4/12 + n**3/3 + n**2 + 274*n. Calculate g(k).
-6
Let v = 11 + -5. Let y be (4/v)/(8/12). Let r(z) = 2*z**3 + 1. Let p be r(y). Let g(h) = 2*h - 2. What is g(p)?
4
Let g(u) = 121*u**2 - 2 - u**3 - 71*u**2 - 54*u**2 + u. Determine g(-5).
18
Let v(u) = u**3 - u**2 - 2. Let n be v(2). Let d(h) = 3 - h - 1 + 6*h - n*h. Suppose 5*x + 12 = -3. Give d(x).
-7
Let f(l) = -7*l + 8 - l**2 + 6 - 5 - 1. Calculate f(-8).
0
Suppose 0 = -25*h - 10*h - 140. Let o(p) = -p**3 - 4*p**2 - 3*p - 5. Calculate o(h).
7
Let i(b) = -2*b**3 - 10*b**2 + 2*b + 12. Let h be i(-5). Let v(n) = 2 - 5 + n**h - 2*n - 2*n - 4. Give v(6).
5
Let z(u) = -11*u + 5. Let t(x) = 22*x - 9. Let q(f) = -4*t(f) - 7*z(f). Let h(o) = 7*o - 1. Let k be 63/13 + 40/260. Let i(y) = k*q(y) + 8*h(y). What is i(3)?
0
Let b(y) = -2*y**3 + 28*y**2 + 30*y - 8. Let r be b(15). Let m(p) = -p**2 - 9*p - 12. What is m(r)?
-4
Let t be ((-12)/(-9))/(3 + (-118)/42). Let a(l) = -3*l + 24. Give a(t).
3
Let s(y) be the third derivative of y**8/6720 + y**7/360 + y**6/120 + 7*y**5/120 - y**4/4 - 10*y**2. Let x(a) be the second derivative of s(a). Calculate x(-6).
7
Suppose 3*o + 11 = 2*t - 10, -11 = 4*o + 3*t. Let z(b) = b**2 + 5*b + 4. What is z(o)?
4
Let n = -373 - -375. Let w(t) be the third derivative of 0*t - 1/24*t**4 - 7*t**n + 0 - 1/6*t**3 + 1/60*t**5. Give w(-1).
1
Let l = 6 - 5. Suppose k + 3 = l. Let t(c) be the first derivative of -c**3/3 - c - 2. What is t(k)?
-5
Let n(f) be the first derivative of 2 + 2/3*f**3 + 0*f + 1/2*f**2. Let v be (-4)/(0 + (-3 - -5)). Calculate n(v).
6
Let a(x) = 6*x**3 + x**2 - x. Let p = 13 + -15. Let i be (-8)/6*9/p. Suppose i*u = 10*u - 4. Give a(u).
6
Let d = 37 + -39. Let p be ((8/6)/d)/((-18)/(-81)). Let u(o) = 2*o**3 + 4*o**2 - o - 1. Give u(p).
-16
Suppose -3*k - 103 = -2*a, a + 3*k = 8*k + 55. Let h = -57 + a. Let p(f) = -f**2 - 7*f + 9. Determine p(h).
9
Let n(x) = -5*x + 4. Suppose -9*c + 17*c - 40 = 0. What is n(c)?
-21
Let j(v) be the first derivative of 2/3*v**3 + 0*v + 1 + 3/2*v**2. Calculate j(-2).
2
Let t(a) = -4*a**2 + 2*a - 6. Let g(b) = 7*b**2 - 4*b + 10. Let n(w) = -3*g(w) - 5*t(w). Give n(1).
1
Let c(f) = -f**2 - f + 5. Let x be (6 - 11)*4/(-5). Let k be 1 - x/(1 + 3). Determine c(k).
5
Let n(d) = -3*d + 7. Let o be 1/((-2)/22) + (23 - 20). What is n(o)?
31
Let t = 0 - 7. Let a(c) = c**3 + 8*c**2 + 6*c - 8. Determine a(t).
-1
Suppose 7*p = 125 - 62. Let l(z) be the first derivative of -3 - 7/3*z**3 - z**2 - p*z - 1/4*z**4. Calculate l(-7).
5
Let y be 36/6 + -5*(0 - -1). Let c(t) = 22*t. Give c(y).
22
Let j(o) = -3 + 7 + 3 - 7 - 2*o. Let c be 21/3 + (1 - 2). Determine j(c).
-12
Let v(t) be the first derivative of t**4/4 + 2*t**3/3 - 3*t**2/2 + 4*t - 129. Calculate v(-4).
-16
Let z(g) = -5*g + 1. Let f(t) be the second derivative of -t**3 + t**2/2 - 9*t. Let h(q) = 6*f(q) - 7*z(q). Suppose -4*d + 27 = 3. Give h(d).
-7
Let y(w) be the second derivative of w**6/360 - 7*w**5/120 + w**4/8 - 8*w**3/3 + 19*w. Let l(a) be the second derivative of y(a). Give l(7).
3
Let j(o) = -11*o**2 - 3*o - 3. Let x(v) = -21*v**2 - 5*v - 5. Let g(w) = w**2 + 8*w - 2. Let a be g(-9). Let s(m) = a*j(m) - 4*x(m). What is s(-1)?
7
Let n(x) = x**2 + 9*x + 8. Let h be n(-4). Let p(q) = 3*q + 30. Let m be p(h). Let d(i) = -i - 1. Calculate d(m).
5
Let n = -1428 - -1430. Let x(c) = -c**3 - c - 1. Calculate x(n).
-11
Let p(c) = -c**2 + 7*c + 1. Suppose 2*n - 3*w = -3, 0 = 6*n - n + 3*w - 45. Give p(n).
7
Let z(r) = r**3 + 5*r**2 - 2*r + 5. Let x = 28 - 85. Let k = x - -51. Calculate z(k).
-19
Let d(v) = -2. Let i(p) = p + 11. Let x(r) = 6*d(r) + i(r). Calculate x(0).
-1
Let p(d) = -58 + 0*d + 60 + d**3 - 4*d - 3*d**2 + d. What is p(4)?
6
Suppose 45 + 39 = -7*d. Let h(u) = -u**3 - 11*u**2 + 14*u + 14. Calculate h(d).
-10
Let c(d) = -d**2 + d + 4. Suppose 2*a + 51 = 2*g + 5*a, -2*g + 2*a = -26. Suppose -21 = i - g. Calculate c(i).
-8
Let f(k) = 6*k**2 - 2*k - 8. Let b(x) = x**2 + 5 - 4 - 2*x**2. Let n(s) = -5*b(s) - f(s). Calculate n(4).
-5
Suppose 25 = -4*h + 9*h. Let p be (3/h)/((-8)/(-40)). Let i(o) = -1 + o + o - p*o + o**2. What is i(-3)?
11
Let n(y) = y**3 + 12*y**2 - y - 17. Suppose 3*d = -3*u - 42, 34 = 16*d - 18*d - 5*u. Calculate n(d).
-5
Let p(y) = y + 3. Let c be -37 - (2 + -6 + 8). Let z = 35 + c. Give p(z).
-3
Let b(p) = -p**3 + 7*p**2 + p - 7. Let a(g) = 9*g**3 - 2*g + 1. Let q be a(1). Suppose 2*z - 6*z = -q. Suppose 3*m - 14 = m - z*d, 5*m - 35 = -4*d. Give b(m).
0
Let q(l) = -54 + 27 + 27 - 7*l. Let w(v) = -16*v + 1. Let x(s) = 7*q(s) - 3*w(s). Determine x(-2).
-1
Let b(l) be the first derivative of l**4/4 + 5*l**3/3 + 7*l**2/2 + 6*l - 79. Determine b(-4).
-6
Let q be (-1 + 0)*(17 + -7 - 11). Let p(n) = -5*n**2 - n + 1. Give p(q).
-5
Let q(x) = -x**3 + 4*x + 7. Let p(r) = -3*r**3 + r**2 + 11*r + 20. Let s(g) = 6*p(g) - 17*q(g). Suppose 0 = 12*d - 16*d + 12, -4*d + 36 = 4*t. Determine s(t).
-11
Let g(p) = 3*p - 1. Let w = -11 + 34. Suppose -4*o + 2*o = 5*f - w, -4*o + 13 = -f. Determine g(f).
8
Let s(f) = 6*f**2 - 7*f - f**2 - 3*f**2 - 7 - f**2. Let b be s(8). Let l(n) = 4*n + 1. Calculate l(b).
5
Let m(w) = -w**2 - 5*w - 1. Let i(v) = 4*v**2 + 20*v + 5. Let z(t) = -2*i(t) - 9*m(t). Let s be 1/((-2)/8)*(-405)/(-324). Calculate z(s).
-1
Let f(q) = 2*q + 4. Let w(p) = -p - 4. Let i(n) = -4*f(n) - 5*w(n). Suppose 33*m - 30*m - 18 = 0. Let r = 12 - m. Give i(r).
-14
Let q(w) = -w**3 + w + 1. Let u = 35 - 22. Let n = u + -9. Let g(c) = c**2 - 2*c - 6. Let j be g(n). Give q(j).
-5
Let b(h) = -2*h**2 + 0*h**2 + 36*h**3 + 1 - 5*h**3. Give b(-1).
-32
Let l(d) = 4*d**2 - 8*d + 2. Let g(r) = 9*r + 210. Let b be g(-23). Give l(b).
14
Let w(k) = -12*k + 55. Let a be w(5). Let y(f) = -f**3 - 6*f**2 - 6*f - 6. What is y(a)?
-1
Suppose -11*g = -4*g - 77. Suppose 13*w - g*w = -6. Let i(u) be the third derivative of -u**4/12 + u**3/2 + 3*u**2. What is i(w)?
9
Suppose 0 = 1112*z - 1105*z + 7. Let d(p) = -4 + 3 + 7*p**2 - p + 0*p. Determine d(z).
7
Let l(m) = -m + 12. Let b(j) be the third derivative of j**6/120 - j**5/4 + j**4/24 - 3*j**3/2 + 8*j**2. Let z be b(15). Give l(z).
6
Let w(d) = -23*d**2 + 42*d + 40. Let v(n) = -8*n**2 + 14*n + 14. Let k(i) = -17*v(i) + 6*w(i). Determine k(7).
2
Let q be (-3)/(-3*(-2)/(-16)). Let r(t) = 4*t - 11 + q + 0 + 6. Determine r(-4).
-13
Let a(k) = -21 + 11*k**2 - 17 + 34 - 10*k**2 + 3*k. What is a(-3)?
-4
Let z(k) be the first derivative of -12 - 4*k - 1/3*k**3 + 3*k**2. Give z(6).
-4
Let q = 5 + -2. Let v(g) be the first derivative of g**4/4 - g**3 - g + 448. What is v(q)?
-1
Let y(b) be the third derivative of 13*b**6/120 - b**4/12 + b**3/6 + 38*b**2. Calculate y(1).
12
Let w(u) = u**3 + 6*u**2 - 2*u - 3. Suppose -l = 16 - 25. Let q = 3 - l. What is w(q)?
9
Let w(f) = -3*f**2 - 5*f - 5. Let i(u) = -2*u**2 - 4*u - 4. Suppose 0 = 2*n + 3 + 7. Let k = 2 + n. Let v(r) = k*w(r) + 4*i(r). Give v(-1).
1
Let s(q) = -q**3 + 4*q**2 + q + 6. Let t be -2 - ((-9)/3)/3. Let y(z) = 4*z**2 + z + 2. Let v be y(t). Calculate s(v).
-14
Let i(y) = -y**3 + 3*y**2 + 5*y - 1. Suppose -4*u + 14 = 2. Suppose 4*b = u*b + 4. Calculate i(b).
3
Suppose 4*f + 4*t - 5 = 23, -2*t + 4 = f. Let m(x) = x**3 - 11*x**2 + 5*x + 12. Give m(f).
-38
Let t be 36/21 + 4/14. Let p(u) = 16 + 3